4).
-184
Let u(v) = -5*v - 121. What is u(-16)?
-41
Let g(n) = -747*n - 7469. Give g(-10).
1
Let a(x) = -2*x**3 + 6*x**2 - 7*x - 11. Give a(5).
-146
Let j(f) = -1038*f - 24915. Give j(-24).
-3
Let x(l) = -322*l - 1603. What is x(-5)?
7
Let y(n) = 2*n**2 + 250*n - 1849. What is y(7)?
-1
Let i(u) = -u**3 - 7*u**2 + u + 10. Give i(-6).
-32
Let d(i) = -889*i + 43545. Calculate d(49).
-16
Let d(a) = -a**2 + 57*a - 147. Give d(52).
113
Let i(r) = -5*r**2 + 53*r - 136. Determine i(4).
-4
Let l(u) = -u**3 - 11*u**2 - 3*u - 58. What is l(-11)?
-25
Let w(h) = -h**3 - 13*h**2 + 101*h + 570. Give w(-17).
9
Let j(n) = -n**3 + 27*n**2 - 51*n - 183. Determine j(4).
-19
Let w(z) = -36*z + 103. Determine w(5).
-77
Let q(z) = -175*z + 3757. Determine q(21).
82
Let z(m) = 21*m**2 + 110*m - 6. What is z(-5)?
-31
Let m(y) = 11*y**2 + 41*y + 53. Calculate m(-3).
29
Let k(c) = -454*c - 4077. Give k(-9).
9
Let m(a) = -5*a**2 - 83*a + 274. Give m(-21).
-188
Let y(k) = -3*k**2 - 8*k + 70. What is y(-11)?
-205
Let p(y) = y**2 + 118*y + 679. Determine p(-6).
7
Let h(c) = 35*c + 289. Determine h(-11).
-96
Let p(r) = 3*r**3 + 49*r**2 + 12*r - 15. Calculate p(-16).
49
Let m(r) = r**3 - 55*r**2 + 326*r - 1570. What is m(49)?
-2
Let j(x) = -478*x + 5668. What is j(13)?
-546
Let a(g) = 3*g**2 + 14*g + 5. Determine a(-2).
-11
Let k(b) = 4*b**3 + 284*b**2 + 2438*b - 22. Give k(-10).
-2
Let v(z) = 3*z**3 - 385*z**2 - 1047*z - 129. Calculate v(131).
2
Let r(j) = j**3 - 2*j**2 - 16*j - 5. What is r(6)?
43
Let p(g) = -813*g + 6473. Determine p(8).
-31
Let l(a) = -a**2 - 17*a - 10. Give l(-1).
6
Let i(w) = -10*w**2 - 18*w + 84. Calculate i(3).
-60
Let c(n) = -4*n**2 + 11*n + 90. Give c(-6).
-120
Let g(l) = 18*l**2 - 52*l. Calculate g(3).
6
Let i(q) = -2*q**3 - 79*q**2 - 40*q + 46. Determine i(-39).
85
Let d(o) = 2*o**2 + 112*o + 2242. Calculate d(-44).
1186
Let y(b) = 2*b + 194. What is y(-61)?
72
Let l(v) = -3*v**2 - 87*v + 893. What is l(8)?
5
Let q(z) = 3412*z + 27296. Calculate q(-8).
0
Let j(o) = -2*o**2 + 55*o - 158. What is j(24)?
10
Let m(l) = 2*l**3 - 7*l**2 - 17*l + 29. Calculate m(4).
-23
Let k(p) = 6*p**3 + 11*p**2 + 7*p - 3. What is k(-1)?
-5
Let j(b) = -88*b - 16. Calculate j(5).
-456
Let x(b) = -5*b**2 - 4*b + 34. Determine x(-5).
-71
Let l(y) = -21*y**2 + 9*y - 2. What is l(3)?
-164
Let i(b) = 159*b - 562. Give i(9).
869
Let i(z) = -z**3 - 20*z**2 + 28*z + 204. What is i(-21)?
57
Let w(u) = u**2 + 4472*u - 13421. What is w(3)?
4
Let b(l) = -l**3 - 13*l**2 - 30*l - 67. Calculate b(-6).
-139
Let f(b) = b**3 + 31*b**2 - 13*b - 1291. Calculate f(-30).
-1
Let s(n) = -42*n + 633. Give s(15).
3
Let j(x) = x**2 - 571*x + 75667. Calculate j(209).
9
Let u(v) = -1340*v - 3032. What is u(-2)?
-352
Let v(r) = r**2 - 44*r - 174. Give v(48).
18
Let a(w) = 10*w**3 - 10*w**2 + 12*w - 34. What is a(4)?
494
Let u(h) = -186*h**2 + 1670*h + 16. What is u(9)?
-20
Let q(w) = -5*w**2 - 233*w + 78. Determine q(-47).
-16
Let w(y) = 2*y**2 + y + 27. Give w(0).
27
Let q(p) = 11*p**2 - 2868*p + 4951. Determine q(259).
30
Let w(d) = -13*d**2 + 504*d - 381. Determine w(38).
-1
Let o(a) = -a**2 + 18*a - 51. What is o(3)?
-6
Let s(p) = p**2 - 11*p - 511. Give s(28).
-35
Let f(m) = -m**2 - 29*m + 49. Give f(-30).
19
Let r(x) = -x**3 - 38*x**2 - 113*x - 286. Determine r(-35).
-6
Let d(c) = -72*c**3 + 2*c**2 - 2. Calculate d(1).
-72
Let y(i) = i**2 - 680*i + 9326. What is y(14)?
2
Let p(h) = 39*h**2 + 17*h + 19. Calculate p(-1).
41
Let l(u) = -436*u - 2187. Determine l(-5).
-7
Let r(w) = -3657*w - 102407. Calculate r(-28).
-11
Let v(n) = -n**3 - 17*n**2 - 35*n - 51. Calculate v(-15).
24
Let t(o) = 22*o**2 - 29*o + 1. What is t(-1)?
52
Let k(n) = -13*n**3 - 57*n**2 - 49*n + 17. Give k(-3).
2
Let x(p) = p**3 - 19*p**2 - 35*p - 151. Calculate x(21).
-4
Let j(n) = 2*n**3 + 19*n**2 + 50*n + 7. What is j(-4)?
-17
Let n(d) = -4*d - 37. Determine n(21).
-121
Let b(l) = -525*l - 7288. Give b(-14).
62
Let k(q) = 821*q + 13994. What is k(-17)?
37
Let u(n) = 32*n + 259. What is u(-8)?
3
Let k(r) = -7*r + 183. Give k(17).
64
Let l(k) = 5*k**3 + 36*k**2 + 22*k + 101. Give l(-7).
-4
Let g(i) = 7*i**2 - 224*i + 423. Give g(30).
3
Let p(i) = 313*i - 634. Determine p(2).
-8
Let a(i) = -65*i - 590. Give a(-9).
-5
Let z(v) = -v**3 - v**2 - 13*v + 66. Determine z(4).
-66
Let p(s) = 474*s - 2365. Calculate p(5).
5
Let o(p) = -p**3 + 12*p**2 - 49*p + 802. Give o(13).
-4
Let g(k) = -k**2 - 229*k - 1548. What is g(-7)?
6
Let n(q) = -q**2 - 39*q - 46. Calculate n(-31).
202
Let p(s) = -s**3 + 12*s + 10. Calculate p(3).
19
Let o(v) = -8*v**2 - 3*v - 9. Give o(-2).
-35
Let g(z) = z**3 - 47*z**2 + 56*z - 443. Determine g(46).
17
Let t(x) = -x**2 - 53*x + 541. Determine t(9).
-17
Let c(u) = -35*u - 160. Determine c(-5).
15
Let z(a) = a**2 + 1605*a + 9608. Give z(-6).
14
Let g(l) = 16*l - 27. Determine g(-12).
-219
Let r(f) = -f**3 + 4*f**2 - 36*f - 131. Determine r(-5).
274
Let o(p) = -90*p**2 + 1. What is o(1)?
-89
Let a(m) = 124*m + 2227. Give a(-18).
-5
Let x(a) = -13*a - 5. Determine x(-10).
125
Let z(l) = l**3 + 27*l**2 - 122*l - 18. Calculate z(-31).
-80
Let i(n) = -1032*n + 58815. What is i(57)?
-9
Let j(c) = -c**3 - 87*c**2 + 75*c - 1136. Determine j(-88).
8
Let v(l) = -l**3 + 19*l**2 + 256*l - 815. What is v(-11)?
-1
Let t(u) = 2*u**3 + 54*u**2 + 361*u + 14. What is t(-12)?
2
Let n(o) = -10*o - 98. Calculate n(-4).
-58
Let c(v) = -33*v + 549. Determine c(18).
-45
Let c(g) = -2*g**2 - 292*g - 3703. What is c(-132)?
-7
Let k(j) = -j - 24. Determine k(-3).
-21
Let z(o) = -2*o**2 - 320*o + 8413. Calculate z(23).
-5
Let v(w) = -389*w - 5802. Calculate v(-15).
33
Let b(o) = 8*o**3 - 241*o**2 + 13*o + 458. What is b(30)?
-52
Let s(n) = -12*n**2 - 2035*n - 2037. Determine s(-1).
-14
Let y(m) = 83*m - 3819. Calculate y(46).
-1
Let k(c) = 15*c**2 + 478*c - 38. Determine k(-32).
26
Let q(p) = -692*p - 6147. Give q(-9).
81
Let j(i) = 3*i - 91. What is j(29)?
-4
Let a(c) = 5*c + 498. Calculate a(-100).
-2
Let c(r) = -5*r + 3. Calculate c(10).
-47
Let t(o) = o**3 - 52*o**2 - 98*o - 77. What is t(54)?
463
Let r(c) = -c**2 + 17*c + 240. Determine r(0).
240
Let o(v) = 17*v - 282. Give o(17).
7
Let s(l) = -l**2 + 17*l - 25. Give s(7).
45
Let m(g) = -9*g - 24. What is m(-6)?
30
Let y(o) = o**2 + 161*o - 12157. Determine y(56).
-5
Let q(x) = x**2 + 2708*x - 13555. What is q(5)?
10
Let x(z) = 44*z**2 + 359*z - 29. Determine x(-8).
-85
Let o(w) = -10*w**3 + 101*w**2 - 15*w + 62. What is o(10)?
12
Let b(q) = -23*q**2 + 22*q - 12. Calculate b(3).
-153
Let x(q) = q**2 - 259*q - 92456. Determine x(-201).
4
Let d(v) = v**3 + 5*v**2 + 3*v + 29. What is d(-4)?
33
Let m(y) = 7*y**2 - 72*y + 151. What is m(3)?
-2
Let i(q) = -93*q - 836. Give i(-9).
1
Let p(c) = -9*c**2 - 61*c - 3. Determine p(-7).
-17
Let j(o) = o**3 + 50*o**2 - 99*o + 282. What is j(-52)?
22
Let v(w) = -2*w**3 - 10*w**2 + 6*w + 31. What is v(-7)?
185
Let o(s) = -158*s - 26375. Give o(-167).
11
Let c(d) = d**3 - 11*d**2 + 29*d - 19. Determine c(5).
-24
Let w(v) = v**3 + 20*v**2 + 4*v + 26. Give w(-20).
-54
Let s(k) = 2*k + 142. Calculate s(-9).
124
Let g(s) = -4*s**2 + 25*s + 75. What is g(-3)?
-36
Let g(a) = 10*a + 171. Determine g(-12).
51
Let u(k) = k**2 - 90*k + 480. Calculate u(5).
55
Let j(b) = b**3 + 19*b - 45. Give j(2).
1
Let x(a) = 12*a**2 + 5*a - 19. Give x(4).
193
Let z(r) = 30*r - 674. Give z(21).
-44
Let i(r) = r**2 - 5*r + 2. Determine i(-8).
106
Let f(y) = y**2 + 33*y - 144. Give f(18).
774
Let i(x) = 22*x - 901. Give i(21).
-439
Let k(t) = -t**2 + 65*t + 142. What is k(67)?
8
Let n(x) = 70*x + 1596. Calculate n(-23).
-14
Let t(h) = h**3 - 43*h**2 + 46*h - 135. What is t(42)?
33
Let t(j) = -68657*j - 8. Give t(0).
-8
Let c(x) = -4*x**3 + 135*x**2 + 177*x - 17. What is c(35)?
53
Let k(q) = -4*q**3 + 190*q**2 - 103*q + 121. Determine k(47).
-302
Let h(f) = -3*f**2 - 24*f - 61. Calculate h(-5).
-16
Let k(y) = -y**3 + 8*y**2 - 19*y + 10. Calculate k(2).
-4
Let v(y) = 2*y**3 + 13*y**2 + 3*y - 33. Determine v(-8).
-249
Let g(k) = -k**3 + 141*k**2 - 1091*k + 3589. Determine g(133).
-2
Let g(p) = -3*p**2 + 208*p - 219. What is g(68)?
53
Let d(w) = -w**2 - 26*w + 639. Calculate d(-42).
-33
Let b(d) = -27*d**2 - 381*d - 40. Calculate b(-14).
2
Let p(v) = 46*v + 311. Determine p